{"id":31,"date":"2013-04-18T09:23:57","date_gmt":"2013-04-18T09:23:57","guid":{"rendered":"http:\/\/www.virtualusatic.org\/?page_id=31"},"modified":"2026-04-13T16:51:13","modified_gmt":"2026-04-13T16:51:13","slug":"programa","status":"publish","type":"page","link":"http:\/\/www.virtualusatic.org\/?page_id=31","title":{"rendered":"Programa"},"content":{"rendered":"<p><strong><span style=\"color: #800000;\">Fechas<\/span><\/strong><\/p>\n<p>Virtual USATIC se desarrollar\u00e1 en torno a tres \u00e1reas tem\u00e1ticas entre el <strong>19 y el 21 de mayo de 2026.<\/strong><\/p>\n<p><strong><span style=\"color: #800000;\">Horario<\/span> <\/strong><\/p>\n<p>El congreso se desarrollar\u00e1 seg\u00fan el horario peninsular espa\u00f1ol (Madrid, Espa\u00f1a), para posibilitar la participaci\u00f3n de los asistentes desde pa\u00edses de Hispanoam\u00e9rica.<\/p>\n<p>Las Webconferencias plenarias comenzar\u00e1n a las<strong> 16:00 h.<\/strong><\/p>\n<p>Puede consultar aqu\u00ed la conversi\u00f3n a su <span style=\"color: #3366ff;\"><strong><a style=\"color: #3366ff;\" href=\"https:\/\/www.timeanddate.com\/worldclock\/fixedtime.html?msg=Virtual+USATIC+2026&amp;iso=20260519T16&amp;p1=326\" target=\"_blank\" rel=\"noopener noreferrer\">horario local<\/a><\/strong>.<\/span><\/p>\n<p><strong><span style=\"color: #800000;\">PROGRAMA<\/span><\/strong><\/p>\n<p>Se actualizar\u00e1 en esta p\u00e1gina y se publicar\u00e1 la versi\u00f3n definitiva el <strong>15 de mayo de 2026<\/strong>.<\/p>\n<p><!--\n\n\n\n\n\n\n\n\n\n\n<p><span style=\"color: #800000;\"><strong><span style=\"color: #000000;\">IMPORTANTE:<\/span> Puede consultar <a href=\"https:\/\/docs.google.com\/spreadsheets\/d\/e\/2PACX-1vTNelth3unC6f7EMmjERXqYpNxzorwbuarlb4T_HZSi9CjBYlnz0lNPgHT9CHJw50MwHUdZ-XqIPOMM\/pubhtml?gid=255554097&amp;single=true\" target=\"_blank\" rel=\"noopener noreferrer\">desde AQU\u00cd<\/a> el listado de comunicaciones con los c\u00f3digos finales asignados.<\/strong><\/span><\/p>\n\n\n\n\n\n\n\n\n\n\n--><\/p>\n<hr \/>\n<p><strong>La direcci\u00f3n de acceso a las sesiones se proporcionar\u00e1 por correo electr\u00f3nico a los participantes inscritos.<\/strong><\/p>\n<hr \/>\n<p><strong><strong><span style=\"color: #800000;\">martes 19 de mayo<\/span>. Plataformas y Entornos de Aprendizaje<\/strong><\/strong><\/p>\n<ul>\n<li style=\"list-style-type: none;\">\n<ul>\n<li>16 h. Bienvenida al Congreso y Webconferencia Plenaria \u00ab<em>Soft skills en entornos universitarios digitales\u00bb<\/em>, por <strong><span style=\"color: #800000;\">Ana Rodr\u00edguez Mart\u00ednez<\/span>, Profesora Titular en la Universidad de Zaragoza, Espa\u00f1a. <\/strong><a href=\"http:\/\/www.virtualusatic.org\/?page_id=557\">M\u00e1s informaci\u00f3n sobre el conferenciante invitado.<\/a> Moderan: Ana Allueva Pinilla y Jos\u00e9 Luis Alejandre Marco.<\/li>\n<li>17:30 h. &#8211; 19:30 h. Sesiones virtuales para comentar las comunicaciones. <!--Contribuciones con c\u00f3digo: ID02, ID03, ID06, ID07, ID15, ID16, ID21, ID31, ID33, ID35, ID38, ID44, ID53, ID56, ID57, ID60, ID62, ID64, ID73, ID76--><\/li>\n<\/ul>\n<\/li>\n<\/ul>\n<p><strong><span style=\"color: #800000;\">mi\u00e9rcoles 20 de mayo.<\/span> Materiales y Recursos<\/strong><\/p>\n<ul>\n<li style=\"list-style-type: none;\">\n<ul>\n<li>16 h. Webconferencia Plenaria <!--<em>\"El marco DigComp como gu\u00eda para la integraci\u00f3n de la inteligencia artificial en el sistema educativo\"<\/em>,--> por <strong><span style=\"color: #800000;\"> Andrea Montoliu Hern\u00e1ndez<\/span>, <\/strong><strong>Head of Spanish-speaking Markets \u2013 Wooclap. <\/strong><a href=\"http:\/\/www.virtualusatic.org\/?page_id=557\">M\u00e1s informaci\u00f3n sobre la conferenciante invitada.<\/a> Moderan: Ana Allueva Pinilla y Jos\u00e9 Luis Alejandre Marco.<\/li>\n<li>17:30 h. &#8211; 19:30 h. Sesiones virtuales para comentar las comunicaciones. <!--Contribuciones con c\u00f3digo: ID04, ID05, ID08, ID10, ID11, ID13, ID20, ID22, ID23, ID25, ID26, ID27, ID28, ID29, ID41, ID43, ID45, ID46, ID48, ID50, ID51, ID52, ID54, ID55, ID58, ID59, ID61, ID63, ID69, ID74, ID75--><\/li>\n<\/ul>\n<\/li>\n<\/ul>\n<p><strong><span style=\"color: #800000;\">jueves 21 de mayo.<\/span> Herramientas 2.0, Redes Sociales y uLearning<\/strong><\/p>\n<ul>\n<li style=\"list-style-type: none;\">\n<ul>\n<li>16 h. Webconferencia Plenaria \u00ab<em>Democratizando la Inteligencia Artificial para la ense\u00f1anza y el aprendizaje<\/em>\u00ab, por <strong><span style=\"color: #800000;\"> Sergio Mart\u00edn Guti\u00e9rrez<\/span>,<\/strong><strong> Vicerrector adjunto de tecnolog\u00edas educativas, UNED, Espa\u00f1a. <\/strong><a href=\"http:\/\/www.virtualusatic.org\/?page_id=557\">M\u00e1s informaci\u00f3n sobre la conferenciante invitada<\/a>. Moderan: Ana Allueva Pinilla y Jos\u00e9 Luis Alejandre Marco.<\/li>\n<li>17:30 h. &#8211; 19:30 h. Sesiones virtuales para comentar las comunicaciones. <!--Contribuciones con c\u00f3digo: ID09, ID12, ID14, ID17, ID18, ID19, ID24, ID30, ID32, ID34, ID37, ID40, ID42, ID47, ID49, ID65, ID66, ID67, ID68, ID70, ID71, ID77, ID79--><\/li>\n<\/ul>\n<\/li>\n<\/ul>\n<p><strong><span style=\"color: #800000;\">PROGRAMA FORMATIVO<\/span><\/strong><\/p>\n<p>El programa incluye el acceso a un programa formativo online. <a href=\"http:\/\/www.virtualusatic.org\/?page_id=189\">M\u00e1s informaci\u00f3n<\/a>.<\/p>\n\n\n<p><\/p>\n","protected":false},"excerpt":{"rendered":"<p>Fechas Virtual USATIC se desarrollar\u00e1 en torno a tres \u00e1reas tem\u00e1ticas entre el 19 y el 21 de mayo de 2026. Horario El congreso se desarrollar\u00e1 seg\u00fan el horario peninsular espa\u00f1ol (Madrid, Espa\u00f1a), para posibilitar la participaci\u00f3n de los asistentes desde pa\u00edses de Hispanoam\u00e9rica. Las Webconferencias plenarias comenzar\u00e1n a las 16:00 h. Puede consultar aqu\u00ed &hellip; <\/p>\n<p class=\"link-more\"><a href=\"http:\/\/www.virtualusatic.org\/?page_id=31\" class=\"more-link\">Continuar leyendo<span class=\"screen-reader-text\"> \u00abPrograma\u00bb<\/span><\/a><\/p>\n","protected":false},"author":4,"featured_media":0,"parent":0,"menu_order":0,"comment_status":"closed","ping_status":"open","template":"","meta":{"footnotes":""},"_links":{"self":[{"href":"http:\/\/www.virtualusatic.org\/index.php?rest_route=\/wp\/v2\/pages\/31"}],"collection":[{"href":"http:\/\/www.virtualusatic.org\/index.php?rest_route=\/wp\/v2\/pages"}],"about":[{"href":"http:\/\/www.virtualusatic.org\/index.php?rest_route=\/wp\/v2\/types\/page"}],"author":[{"embeddable":true,"href":"http:\/\/www.virtualusatic.org\/index.php?rest_route=\/wp\/v2\/users\/4"}],"replies":[{"embeddable":true,"href":"http:\/\/www.virtualusatic.org\/index.php?rest_route=%2Fwp%2Fv2%2Fcomments&post=31"}],"version-history":[{"count":276,"href":"http:\/\/www.virtualusatic.org\/index.php?rest_route=\/wp\/v2\/pages\/31\/revisions"}],"predecessor-version":[{"id":7108,"href":"http:\/\/www.virtualusatic.org\/index.php?rest_route=\/wp\/v2\/pages\/31\/revisions\/7108"}],"wp:attachment":[{"href":"http:\/\/www.virtualusatic.org\/index.php?rest_route=%2Fwp%2Fv2%2Fmedia&parent=31"}],"curies":[{"name":"wp","href":"https:\/\/api.w.org\/{rel}","templated":true}]}}