{"id":33,"date":"2013-04-18T09:24:35","date_gmt":"2013-04-18T09:24:35","guid":{"rendered":"http:\/\/www.virtualusatic.org\/?page_id=33"},"modified":"2026-03-04T12:48:56","modified_gmt":"2026-03-04T12:48:56","slug":"organizacion","status":"publish","type":"page","link":"http:\/\/www.virtualusatic.org\/?page_id=33","title":{"rendered":"Organizaci\u00f3n"},"content":{"rendered":"<table border=\"0\" width=\"100%\">\n<tbody>\n<tr>\n<td style=\"text-align: left;\"><a href=\"http:\/\/eules.org\" target=\"_blank\" rel=\"noopener noreferrer\"><img loading=\"lazy\" decoding=\"async\" class=\"wp-image-679 alignright\" src=\"http:\/\/www.virtualusatic.org\/wp-content\/uploads\/2013\/05\/eules_logo1.jpg\" alt=\"Logo EuLES\" width=\"189\" height=\"69\" \/><\/a><\/td>\n<td style=\"text-align: right;\"><a href=\"http:\/\/www.unizar.es\" target=\"_blank\" rel=\"noopener noreferrer\"><img decoding=\"async\" class=\"wp-image-273 alignleft\" src=\"http:\/\/www.virtualusatic.org\/wp-content\/uploads\/2013\/04\/logoUZ-300x110.png\" alt=\"Universidad de Zaragoza\" width=\"NaN\" height=\"110\" srcset=\"http:\/\/www.virtualusatic.org\/wp-content\/uploads\/2013\/04\/logoUZ-300x110.png 300w, http:\/\/www.virtualusatic.org\/wp-content\/uploads\/2013\/04\/logoUZ.png 718w\" sizes=\"(max-width: 300px) 100vw, 300px\" \/><\/a><\/td>\n<\/tr>\n<\/tbody>\n<\/table>\n<p>La organizaci\u00f3n de Virtual USATIC se realiza por la Red interdisciplinar de investigaci\u00f3n educativa en Entornos uLearning en Educaci\u00f3n Superior, Red EuLES.<\/p>\n<p>La Red EuLES tiene entre sus objetivos la interacci\u00f3n, la cooperaci\u00f3n y la transferencia de conocimientos y tecnolog\u00edas, as\u00ed como el intercambio de experiencias y recursos entre sus miembros y el resto de la comunidad educativa, en relaci\u00f3n a los Entornos uLearning (ubiquous Learning) en el \u00e1mbito acad\u00e9mico universitario. Entendemos este modelo en su sentido m\u00e1s amplio o aglutinador de las diferentes evoluciones del proceso de aprendizaje combinadas con las tendencias tecnol\u00f3gicas m\u00e1s actuales, abarcando desde los modelos bLearning (blended Learning), pasando por los eLearning, mLearning (mobile Learning) y la Web 2.0 hasta llegar al concepto de ubicuidad que permite llevar el proceso de ense\u00f1anza-aprendizaje a cualquier momento, lugar y situaci\u00f3n.<\/p>\n<p>El prop\u00f3sito de la Red es contribuir a desarrollar actividades de formaci\u00f3n, intercambio, movilidad e interacci\u00f3n cient\u00edfica, manteniendo a sus miembros y colaboradores en posiciones relevantes y de referencia respecto al tema en el marco de la investigaci\u00f3n educativa, aumentando as\u00ed la visibilidad de las instituciones participantes y contribuyendo tambi\u00e9n as\u00ed a generar y compartir conocimiento colaborativamente para mejorar la calidad de la docencia.<\/p>\n<p>Esta Red ha sido reconocida como Red Interdisciplinar por la Universidad de Zaragoza, dentro de su Programa de Incentivaci\u00f3n de la Innovaci\u00f3n Docente desde 2010.<\/p>\n<hr \/><center><a href=\"http:\/\/red.eules.org\/\" target=\"_blank\" rel=\"noopener noreferrer\"><span style=\"color: #800000;\"><strong>Acceso al Portfolio de Sitios y Proyectos de la Red EuLES<\/strong><\/span><\/a><\/center><hr \/>\n<p>Creemos que es una oportunidad excepcional organizar este congreso virtual que proporcione la oportunidad de estrechar v\u00ednculos con profesionales de la educaci\u00f3n que tengan intereses similares en relaci\u00f3n al uso de las Tecnolog\u00edas en este \u00e1mbito.<\/p>\n<p>Estas son las personas que estamos trabajando en el <strong>Comit\u00e9 Cient\u00edfico y Organizador<\/strong> para hacer posible este evento virtual, que esperamos sea un \u00e9xito. \u00c9xito que realmente corresponder\u00e1 a todos aquellos que particip\u00e9is en el congreso contribuyendo con vuestras experiencias.<\/p>\n<table style=\"height: 928px;\" border=\"0\" width=\"704\">\n<tbody>\n<tr>\n<td align=\"center\">\u00a0<\/td>\n<td align=\"center\"><img loading=\"lazy\" decoding=\"async\" src=\"http:\/\/eules.org\/wp-content\/uploads\/2012\/03\/Ana-Allueva_avatar-60x60.jpg\" alt=\"Ana Allueva - P\u00e1gina personal en Red EuLES\" width=\"70\" height=\"70\" \/>\u00a0\n<p>Ana Isabel Allueva<br \/>___<\/p>\n<p>Directora<\/p>\n<\/td>\n<td align=\"center\"><img loading=\"lazy\" decoding=\"async\" src=\"http:\/\/www.virtualusatic.org\/wp-content\/uploads\/2024\/04\/JLAM.jpg\" alt=\"Jos\u00e9 Luis Alejandre - P\u00e1gina personal en Red EuLES\" width=\"70\" height=\"70\" \/>\u00a0\n<p>Jos\u00e9 Luis Alejandre<br \/>___<\/p>\n<p>Director<\/p>\n<\/td>\n<td align=\"center\">\u00a0<\/td>\n<td align=\"center\">\u00a0<\/td>\n<\/tr>\n<tr>\n<td align=\"center\">\n<figure style=\"width: 70px\" class=\"wp-caption aligncenter\"><img loading=\"lazy\" decoding=\"async\" src=\"http:\/\/www.virtualusatic.org\/wp-content\/uploads\/2017\/03\/nacho_alvarez.jpg\" width=\"70\" height=\"70\" \/><figcaption class=\"wp-caption-text\">Nacho \u00c1lvarez<\/figcaption><\/figure>\n<\/td>\n<td align=\"center\">\n<figure style=\"width: 70px\" class=\"wp-caption aligncenter\"><img loading=\"lazy\" decoding=\"async\" src=\"http:\/\/www.virtualusatic.org\/wp-content\/uploads\/2017\/03\/susana_bayarri.jpg\" width=\"70\" height=\"70\" \/><figcaption class=\"wp-caption-text\">Susana Bayarri<\/figcaption><\/figure>\n<\/td>\n<td align=\"center\">\n<figure style=\"width: 70px\" class=\"wp-caption aligncenter\"><img loading=\"lazy\" decoding=\"async\" src=\"http:\/\/www.virtualusatic.org\/wp-content\/uploads\/2018\/04\/\u00d3scar-Casanova.jpg\" width=\"70\" height=\"70\" \/><figcaption class=\"wp-caption-text\">\u00d3scar Casanova<\/figcaption><\/figure>\n<\/td>\n<td align=\"center\">\n<figure style=\"width: 70px\" class=\"wp-caption aligncenter\"><img loading=\"lazy\" decoding=\"async\" src=\"http:\/\/www.virtualusatic.org\/wp-content\/uploads\/2022\/03\/jfabra_60x60.png\" alt=\"Javier Fabra\" width=\"70\" height=\"70\" \/><figcaption class=\"wp-caption-text\">Javier Fabra<\/figcaption><\/figure>\n<\/td>\n<\/tr>\n<tr>\n<td align=\"center\">\n<figure style=\"width: 70px\" class=\"wp-caption aligncenter\"><img loading=\"lazy\" decoding=\"async\" src=\"http:\/\/www.virtualusatic.org\/wp-content\/uploads\/2018\/04\/ana_garrido.jpg\" width=\"70\" height=\"70\" \/><figcaption class=\"wp-caption-text\">Ana Garrido<\/figcaption><\/figure>\n<\/td>\n<td align=\"center\">\n<figure style=\"width: 70px\" class=\"wp-caption aligncenter\"><img loading=\"lazy\" decoding=\"async\" src=\"http:\/\/www.virtualusatic.org\/wp-content\/uploads\/2018\/04\/sergio-ilarri.jpg\" alt=\"Sergio Ilarri\" width=\"70\" height=\"70\" \/><figcaption class=\"wp-caption-text\">Sergio Ilarri<\/figcaption><\/figure>\n<\/td>\n<td align=\"center\">\n<figure style=\"width: 70px\" class=\"wp-caption aligncenter\"><img loading=\"lazy\" decoding=\"async\" src=\"http:\/\/www.virtualusatic.org\/wp-content\/uploads\/2020\/05\/pilar_laguna.jpg\" width=\"70\" height=\"70\" \/><figcaption class=\"wp-caption-text\">Pilar Laguna<\/figcaption><\/figure>\n<\/td>\n<td align=\"center\">\n<figure style=\"width: 70px\" class=\"wp-caption aligncenter\"><img loading=\"lazy\" decoding=\"async\" src=\"http:\/\/www.virtualusatic.org\/wp-content\/uploads\/2022\/03\/Foto-Lorena-Latre.jpg\" alt=\"Lorena Latre\" width=\"70\" height=\"70\" \/><figcaption class=\"wp-caption-text\">Lorena Latre<\/figcaption><\/figure>\n<\/td>\n<\/tr>\n<tr>\n<td align=\"center\">\n<figure style=\"width: 70px\" class=\"wp-caption aligncenter\"><img loading=\"lazy\" decoding=\"async\" src=\"http:\/\/www.virtualusatic.org\/wp-content\/uploads\/2022\/03\/LozanoECELDif.jpg\" alt=\"Ma. Teresa Lozano - P\u00e1gina personal en Red EuLES\" width=\"70\" height=\"70\" \/><figcaption class=\"wp-caption-text\">M\u00aa Teresa Lozano<\/figcaption><\/figure>\n<\/td>\n<td align=\"center\">\n<figure style=\"width: 70px\" class=\"wp-caption aligncenter\"><img loading=\"lazy\" decoding=\"async\" src=\"http:\/\/www.virtualusatic.org\/wp-content\/uploads\/2025\/03\/AnaMartinez.png\" width=\"70\" height=\"70\" \/><figcaption class=\"wp-caption-text\">Ana Bel\u00e9n Mart\u00ednez<\/figcaption><\/figure>\n<\/td>\n<td align=\"center\">\n<figure style=\"width: 70px\" class=\"wp-caption aligncenter\"><img loading=\"lazy\" decoding=\"async\" src=\"http:\/\/www.virtualusatic.org\/wp-content\/uploads\/2018\/04\/Teresa-Montaner.jpg\" width=\"70\" height=\"70\" \/><figcaption class=\"wp-caption-text\">Teresa Montaner<\/figcaption><\/figure>\n<\/td>\n<td align=\"center\">\n<figure style=\"width: 70px\" class=\"wp-caption aligncenter\"><img loading=\"lazy\" decoding=\"async\" src=\"http:\/\/eules.org\/wp-content\/uploads\/2014\/03\/franprad_avatar-60x60.jpg\" alt=\"Francisco Pradas\" width=\"70\" height=\"70\" \/><figcaption class=\"wp-caption-text\">Francisco Pradas<\/figcaption><\/figure>\n<\/td>\n<\/tr>\n<tr>\n<td align=\"center\">\n<figure style=\"width: 70px\" class=\"wp-caption aligncenter\"><img loading=\"lazy\" decoding=\"async\" src=\"http:\/\/www.virtualusatic.org\/wp-content\/uploads\/2017\/04\/quintas.jpg\" width=\"70\" height=\"70\" \/><figcaption class=\"wp-caption-text\">Alejandro Quint\u00e1s<\/figcaption><\/figure>\n<\/td>\n<td align=\"center\">\n<figure style=\"width: 70px\" class=\"wp-caption aligncenter\"><img loading=\"lazy\" decoding=\"async\" src=\"http:\/\/www.virtualusatic.org\/wp-content\/uploads\/2018\/04\/Rosa-Serrano.jpg\" width=\"70\" height=\"70\" \/><figcaption class=\"wp-caption-text\">Rosa Serrano<\/figcaption><\/figure>\n<\/td>\n<td align=\"center\">\u00a0<\/td>\n<td align=\"center\">\u00a0<\/td>\n<\/tr>\n<\/tbody>\n<\/table>\n<hr \/>\n<p><a href=\"http:\/\/www.feuz.es\" target=\"_blank\" rel=\"noopener noreferrer\"><img loading=\"lazy\" decoding=\"async\" class=\"alignleft wp-image-271 size-medium\" title=\"Fundaci\u00f3n Empresa Universidad de Zaragoza\" src=\"http:\/\/www.virtualusatic.org\/wp-content\/uploads\/2013\/04\/logo_feuz-300x153.jpg\" alt=\"logo_feuz\" width=\"300\" height=\"153\" srcset=\"http:\/\/www.virtualusatic.org\/wp-content\/uploads\/2013\/04\/logo_feuz-300x153.jpg 300w, http:\/\/www.virtualusatic.org\/wp-content\/uploads\/2013\/04\/logo_feuz.jpg 800w\" sizes=\"(max-width: 300px) 100vw, 300px\" \/><\/a>La organizaci\u00f3n administrativa y secretar\u00eda del congreso se realiza por la Fundaci\u00f3n Empresa Universidad de la Universidad de Zaragoza<\/p>\n<hr \/>\n<p><!--\n\nRaquel Trillo\n[caption id=\"\" align=\"aligncenter\" width=\"70\"]<img loading=\"lazy\" decoding=\"async\" src=\"http:\/\/www.virtualusatic.org\/wp-content\/uploads\/2024\/04\/fotoRaquel.jpeg\" alt=\"Raquel Trillo - P\u00e1gina personal en Red EuLES\" width=\"70\" height=\"70\" \/> Raquel Trillo Lado[\/caption]\n\nCarlos S\u00e1nchez Azqueta\n[caption id=\"\" align=\"aligncenter\" width=\"70\"]<img loading=\"lazy\" decoding=\"async\" src=\"http:\/\/www.virtualusatic.org\/wp-content\/uploads\/2018\/04\/carlos_sanchez.jpg\" width=\"70\" height=\"70\" \/> Carlos S\u00e1nchez[\/caption]\n\nConcha Aldea\n[caption id=\"\" align=\"aligncenter\" width=\"70\"]<img loading=\"lazy\" decoding=\"async\" src=\"http:\/\/www.virtualusatic.org\/wp-content\/uploads\/2018\/04\/concha_aldea.jpg\" width=\"70\" height=\"70\" \/> Concha Aldea[\/caption]\n\nPaco V\u00e1zquez\n[caption id=\"\" align=\"aligncenter\" width=\"70\"]<img loading=\"lazy\" decoding=\"async\" src=\"http:\/\/www.virtualusatic.org\/wp-content\/uploads\/2020\/05\/pvazquez_avatar-48x48.jpg\" width=\"70\" height=\"70\" \/> Francisco J. V\u00e1zquez[\/caption]\n\nIvonne Harvey\n[caption id=\"\" align=\"aligncenter\" width=\"70\"]<img loading=\"lazy\" decoding=\"async\" src=\"http:\/\/www.virtualusatic.org\/wp-content\/uploads\/2022\/03\/IvonneHarvey_28032022.jpg\" alt=\"Ivonne Harvey\" width=\"70\" height=\"70\" \/> Ivonne Harvey[\/caption]\n\nCarlos Pe\u00f1arrubia\n[caption id=\"\" align=\"aligncenter\" width=\"70\"]<img loading=\"lazy\" decoding=\"async\" src=\"http:\/\/www.virtualusatic.org\/wp-content\/uploads\/2021\/07\/CarlosPenarrubiaLozano.jpeg\" alt=\"Carlos Pe\u00f1arrubia Lozano\" width=\"70\" height=\"70\" \/> Carlos Pe\u00f1arrubia[\/caption]\n\nDavid Falc\u00f3n\n[caption id=\"\" align=\"aligncenter\" width=\"70\"]<img loading=\"lazy\" decoding=\"async\" src=\"http:\/\/www.virtualusatic.org\/wp-content\/uploads\/2020\/05\/David-Falcon_7417.jpg\" alt=\"David Falc\u00f3n\" width=\"70\" height=\"70\" \/> David Falc\u00f3n[\/caption]\n\nAlex Moreno\n[caption id=\"\" align=\"aligncenter\" width=\"70\"]<img loading=\"lazy\" decoding=\"async\" src=\"http:\/\/www.virtualusatic.org\/wp-content\/uploads\/2023\/05\/Moreno-Azze-Alex.jpeg\" width=\"70\" height=\"70\" \/> Alex Moreno[\/caption]\n\nJulia Mart\u00ednez\n[caption id=\"\" align=\"aligncenter\" width=\"70\"]<img loading=\"lazy\" decoding=\"async\" src=\"http:\/\/www.virtualusatic.org\/wp-content\/uploads\/2019\/04\/julia_martinez-e1554916588920.jpg\" width=\"70\" height=\"70\" \/> Julia Mart\u00ednez[\/caption]\n\nSergio Artal\n[caption id=\"\" align=\"aligncenter\" width=\"70\"]<img loading=\"lazy\" decoding=\"async\" src=\"http:\/\/www.virtualusatic.org\/wp-content\/uploads\/2018\/04\/sergio_artal.jpg\" alt=\"\" width=\"70\" height=\"70\" \/> Sergio Artal[\/caption]\n\nElena Cerrada\n[caption id=\"\" align=\"aligncenter\" width=\"70\"]<img loading=\"lazy\" decoding=\"async\" src=\"http:\/\/www.virtualusatic.org\/wp-content\/uploads\/2020\/05\/Elena-Cerrada.jpg\" alt=\"Elena Cerrada\" width=\"70\" height=\"70\" \/> Elena Cerrada[\/caption]\n\nMarta Bestu\u00e9\n[caption id=\"\" align=\"aligncenter\" width=\"70\"]<img loading=\"lazy\" decoding=\"async\" src=\"http:\/\/www.virtualusatic.org\/wp-content\/uploads\/2022\/03\/MartaBestueLAguna.jpg\" alt=\"Marta Bestu\u00e9\" width=\"70\" height=\"70\" \/> Marta Bestu\u00e9[\/caption]\n\nM\u00aa Jes\u00fas Rodr\u00edguez Yoldi\n[caption id=\"\" align=\"aligncenter\" width=\"70\"]<img loading=\"lazy\" decoding=\"async\" src=\"http:\/\/www.virtualusatic.org\/wp-content\/uploads\/2022\/03\/rodriguez_yoldi2-scaled.jpg\" width=\"70\" height=\"70\" \/> M\u00aa Jes\u00fas Rodr\u00edguez[\/caption]\n\nCarlos Castellar\n[caption id=\"\" align=\"aligncenter\" width=\"70\"]<img loading=\"lazy\" decoding=\"async\" src=\"http:\/\/www.virtualusatic.org\/wp-content\/uploads\/2020\/05\/castellar.jpg\" width=\"70\" height=\"70\" \/> Carlos Castellar[\/caption]\n\nLorena Fuentes\n[caption id=\"\" align=\"aligncenter\" width=\"70\"]<img loading=\"lazy\" decoding=\"async\" src=\"http:\/\/www.virtualusatic.org\/wp-content\/uploads\/2018\/04\/LFuentes_lab-713x1024.jpg\" width=\"70\" height=\"70\"> Lorena Fuentes[\/caption]\n\nAvatar \"neutro\"\nhttp:\/\/www.virtualusatic.org\/wp-content\/uploads\/2019\/04\/cfb60fa876f6324cb63d573d2d4ecb66.jpg\n\nPaco V\u00e1zquez\n[caption id=\"\" align=\"aligncenter\" width=\"70\"]<img loading=\"lazy\" decoding=\"async\" src=\"http:\/\/www.virtualusatic.org\/wp-content\/uploads\/2020\/05\/pvazquez_avatar-48x48.jpg\" width=\"70\" height=\"70\"> Francisco Jos\u00e9 Vazquez[\/caption]\n\nPilar Laguna\n[caption id=\"\" align=\"aligncenter\" width=\"70\"]<img loading=\"lazy\" decoding=\"async\" src=\"http:\/\/www.virtualusatic.org\/wp-content\/uploads\/2020\/05\/pilar_laguna.jpg\" width=\"70\" height=\"70\"> Pilar Laguna[\/caption]\n\nM\u00f3nica Paesa\n[caption id=\"\" align=\"aligncenter\" width=\"70\"]<img loading=\"lazy\" decoding=\"async\" src=\"http:\/\/www.virtualusatic.org\/wp-content\/uploads\/2022\/04\/Monica-Paesa.jpg\" alt=\"M\u00f3nica Paesa\" width=\"70\" height=\"70\"> M\u00f3nica Paesa[\/caption]\n\nRosa Bolea\n[caption id=\"\" align=\"aligncenter\" width=\"70\"]<img loading=\"lazy\" decoding=\"async\" src=\"http:\/\/www.virtualusatic.org\/wp-content\/uploads\/2020\/05\/rosa_bolea-2.jpg\" alt=\"Rosa Bolea\" width=\"70\" height=\"70\"> Rosa Bolea[\/caption]\n\nJorge Sierra\n[caption id=\"\" align=\"aligncenter\" width=\"70\"]<a href=\"http:\/\/eules.unizar.es\/jsierra\" target=\"_blank\" rel=\"noopener noreferrer\"><img loading=\"lazy\" decoding=\"async\" src=\"http:\/\/www.virtualusatic.org\/wp-content\/uploads\/2015\/04\/jorge_sierra1.jpg\" alt=\"Jorge Sierra - P\u00e1gina personal en Red EuLES\" width=\"70\" height=\"70\"><\/a> Jorge Sierra[\/caption]\n\nChabier Gimeno\n[caption id=\"\" align=\"aligncenter\" width=\"70\"]<a href=\"http:\/\/eules.unizar.es\/author\/chabier\/\" target=\"_blank\" rel=\"noopener noreferrer\"><img loading=\"lazy\" decoding=\"async\" src=\"http:\/\/www.virtualusatic.org\/wp-content\/uploads\/2015\/04\/chabierg_avatar-48x48.jpg\" alt=\"Chabier Gimeno - P\u00e1gina personal en Red EuLES\" width=\"70\" height=\"70\"><\/a> Chabier Gimeno[\/caption]\n\nHugo Langa\n[caption id=\"\" align=\"aligncenter\" width=\"70\"]<a href=\"http:\/\/eules.unizar.es\/hlanga\" target=\"_blank\" rel=\"noopener noreferrer\"><img loading=\"lazy\" decoding=\"async\" src=\"http:\/\/eules.unizar.es\/wp-content\/uploads\/2012\/06\/Hugo_avatar-60x60.png\" alt=\"Hugo Langa - P\u00e1gina personal en Red EuLES\" width=\"70\" height=\"70\" \/><\/a> Hugo Langa[\/caption]\n\nEduardo\n[caption id=\"\" align=\"aligncenter\" width=\"70\"]<a href=\"http:\/\/eules.unizar.es\/elinares\" target=\"_blank\" rel=\"noopener noreferrer\"><img loading=\"lazy\" decoding=\"async\" src=\"http:\/\/www.virtualusatic.org\/wp-content\/uploads\/2015\/04\/Eduardo-Gracia-Linares_avatar_1429263113-60x60.jpg\" alt=\"Eduardo Gracia - P\u00e1gina personal en Red EuLES\" width=\"70\" height=\"70\" \/><\/a> Eduardo Gracia[\/caption]\n\n\u00c1lvaro\n[caption id=\"\" align=\"aligncenter\" width=\"70\"]<a href=\"http:\/\/eules.unizar.es\/alvaro\" target=\"_blank\" rel=\"noopener noreferrer\"><img loading=\"lazy\" decoding=\"async\" src=\"http:\/\/eules.unizar.es\/wp-content\/uploads\/2013\/05\/amartinez_avatar-60x60.jpg\" alt=\"\u00c1lvaro Mart\u00ednez - P\u00e1gina personal en Red EuLES\" width=\"70\" height=\"70\"><\/a> \u00c1lvaro Mart\u00ednez[\/caption]\n\n--><\/p>\n\n\n<p><\/p>\n","protected":false},"excerpt":{"rendered":"<p>La organizaci\u00f3n de Virtual USATIC se realiza por la Red interdisciplinar de investigaci\u00f3n educativa en Entornos uLearning en Educaci\u00f3n Superior, Red EuLES. La Red EuLES tiene entre sus objetivos la interacci\u00f3n, la cooperaci\u00f3n y la transferencia de conocimientos y tecnolog\u00edas, as\u00ed como el intercambio de experiencias y recursos entre sus miembros y el resto de &hellip; <\/p>\n<p class=\"link-more\"><a href=\"http:\/\/www.virtualusatic.org\/?page_id=33\" class=\"more-link\">Continuar leyendo<span class=\"screen-reader-text\"> \u00abOrganizaci\u00f3n\u00bb<\/span><\/a><\/p>\n","protected":false},"author":4,"featured_media":0,"parent":0,"menu_order":0,"comment_status":"closed","ping_status":"closed","template":"","meta":{"footnotes":""},"_links":{"self":[{"href":"http:\/\/www.virtualusatic.org\/index.php?rest_route=\/wp\/v2\/pages\/33"}],"collection":[{"href":"http:\/\/www.virtualusatic.org\/index.php?rest_route=\/wp\/v2\/pages"}],"about":[{"href":"http:\/\/www.virtualusatic.org\/index.php?rest_route=\/wp\/v2\/types\/page"}],"author":[{"embeddable":true,"href":"http:\/\/www.virtualusatic.org\/index.php?rest_route=\/wp\/v2\/users\/4"}],"replies":[{"embeddable":true,"href":"http:\/\/www.virtualusatic.org\/index.php?rest_route=%2Fwp%2Fv2%2Fcomments&post=33"}],"version-history":[{"count":258,"href":"http:\/\/www.virtualusatic.org\/index.php?rest_route=\/wp\/v2\/pages\/33\/revisions"}],"predecessor-version":[{"id":7095,"href":"http:\/\/www.virtualusatic.org\/index.php?rest_route=\/wp\/v2\/pages\/33\/revisions\/7095"}],"wp:attachment":[{"href":"http:\/\/www.virtualusatic.org\/index.php?rest_route=%2Fwp%2Fv2%2Fmedia&parent=33"}],"curies":[{"name":"wp","href":"https:\/\/api.w.org\/{rel}","templated":true}]}}