{"id":6478,"date":"2024-02-22T10:10:57","date_gmt":"2024-02-22T10:10:57","guid":{"rendered":"https:\/\/www.virtualusatic.org\/?page_id=6478"},"modified":"2024-02-22T10:10:57","modified_gmt":"2024-02-22T10:10:57","slug":"webconferencias-2023","status":"publish","type":"page","link":"https:\/\/www.virtualusatic.org\/?page_id=6478","title":{"rendered":"Webconferencias 2023"},"content":{"rendered":"<p><strong><a href=\"https:\/\/webinars.eules.org\/manuel-gertrudix-presentacion-2023\/\" target=\"_blank\" rel=\"noopener noreferrer\">La Inteligencia Artificial en la producci\u00f3n de contenidos audiovisuales educativos: retos y oportunidades<\/a> (3 de julio de 2023)<\/strong><br \/>\npor<strong> Manuel Gertrudix Barrio<\/strong>, Catedr\u00e1tico de Comunicaci\u00f3n Digital y Multimedia<br \/>\nde la Universidad Rey Juan Carlos, Espa\u00f1a.<\/p>\n<p><strong><a href=\"https:\/\/webinars.eules.org\/arturo-duran-dominguez-presentacion-2023\/\" target=\"_blank\" rel=\"noopener noreferrer\">Contenidos audiovisuales en la educaci\u00f3n superior tras la pandemia<\/a> (4 de julio de 2023)<\/strong><br \/>\npor <strong>Arturo Dur\u00e1n Dom\u00ednguez<\/strong>, Director Servicio Campus Virtual de la Universidad de Extremadura, Espa\u00f1a.<\/p>\n<p><strong><a href=\"https:\/\/webinars.eules.org\/vanesa-gamiz-presentacion-2023\/\" target=\"_blank\" rel=\"noopener noreferrer\">La formaci\u00f3n e innovaci\u00f3n docente en la digitalizaci\u00f3n: experiencias innovadoras<\/a> (5 de julio de 2023)<\/strong><br \/>\npor <strong>Vanesa M\u00aa G\u00e1miz S\u00e1nchez<\/strong>, Directora de Secretariado de Formaci\u00f3n Online, Delegaci\u00f3n para la Universidad Digital, Universidad de Granada, Espa\u00f1a.<\/p>\n","protected":false},"excerpt":{"rendered":"<p>La Inteligencia Artificial en la producci\u00f3n de contenidos audiovisuales educativos: retos y oportunidades (3 de julio de 2023) por Manuel Gertrudix Barrio, Catedr\u00e1tico de Comunicaci\u00f3n Digital y Multimedia de la Universidad Rey Juan Carlos, Espa\u00f1a. Contenidos audiovisuales en la educaci\u00f3n superior tras la pandemia (4 de julio de 2023) por Arturo Dur\u00e1n Dom\u00ednguez, Director Servicio &hellip; <\/p>\n<p class=\"link-more\"><a href=\"https:\/\/www.virtualusatic.org\/?page_id=6478\" class=\"more-link\">Continuar leyendo<span class=\"screen-reader-text\"> \u00abWebconferencias 2023\u00bb<\/span><\/a><\/p>\n","protected":false},"author":3,"featured_media":0,"parent":0,"menu_order":0,"comment_status":"closed","ping_status":"closed","template":"","meta":{"footnotes":""},"_links":{"self":[{"href":"https:\/\/www.virtualusatic.org\/index.php?rest_route=\/wp\/v2\/pages\/6478"}],"collection":[{"href":"https:\/\/www.virtualusatic.org\/index.php?rest_route=\/wp\/v2\/pages"}],"about":[{"href":"https:\/\/www.virtualusatic.org\/index.php?rest_route=\/wp\/v2\/types\/page"}],"author":[{"embeddable":true,"href":"https:\/\/www.virtualusatic.org\/index.php?rest_route=\/wp\/v2\/users\/3"}],"replies":[{"embeddable":true,"href":"https:\/\/www.virtualusatic.org\/index.php?rest_route=%2Fwp%2Fv2%2Fcomments&post=6478"}],"version-history":[{"count":1,"href":"https:\/\/www.virtualusatic.org\/index.php?rest_route=\/wp\/v2\/pages\/6478\/revisions"}],"predecessor-version":[{"id":6479,"href":"https:\/\/www.virtualusatic.org\/index.php?rest_route=\/wp\/v2\/pages\/6478\/revisions\/6479"}],"wp:attachment":[{"href":"https:\/\/www.virtualusatic.org\/index.php?rest_route=%2Fwp%2Fv2%2Fmedia&parent=6478"}],"curies":[{"name":"wp","href":"https:\/\/api.w.org\/{rel}","templated":true}]}}

<p><strong><a href="https://webinars.eules.org/manuel-gertrudix-presentacion-2023/" target="_blank" rel="noopener noreferrer">La Inteligencia Artificial en la producción de contenidos audiovisuales educativos: retos y oportunidades</a> (3 de julio de 2023)</strong><br />
por<strong> Manuel Gertrudix Barrio</strong>, Catedrático de Comunicación Digital y Multimedia<br />
de la Universidad Rey Juan Carlos, España.</p>
<p><strong><a href="https://webinars.eules.org/arturo-duran-dominguez-presentacion-2023/" target="_blank" rel="noopener noreferrer">Contenidos audiovisuales en la educación superior tras la pandemia</a> (4 de julio de 2023)</strong><br />
por <strong>Arturo Durán Domínguez</strong>, Director Servicio Campus Virtual de la Universidad de Extremadura, España.</p>
<p><strong><a href="https://webinars.eules.org/vanesa-gamiz-presentacion-2023/" target="_blank" rel="noopener noreferrer">La formación e innovación docente en la digitalización: experiencias innovadoras</a> (5 de julio de 2023)</strong><br />
por <strong>Vanesa Mª Gámiz Sánchez</strong>, Directora de Secretariado de Formación Online, Delegación para la Universidad Digital, Universidad de Granada, España.</p>

<p>La Inteligencia Artificial en la producción de contenidos audiovisuales educativos: retos y oportunidades (3 de julio de 2023) por Manuel Gertrudix Barrio, Catedrático de Comunicación Digital y Multimedia de la Universidad Rey Juan Carlos, España. Contenidos audiovisuales en la educación superior tras la pandemia (4 de julio de 2023) por Arturo Durán Domínguez, Director Servicio &hellip; </p>
<p class="link-more"><a href="https://www.virtualusatic.org/?page_id=6478" class="more-link">Continuar leyendo<span class="screen-reader-text"> «Webconferencias 2023»</span></a></p>
