{"id":6991,"date":"2025-12-22T10:04:39","date_gmt":"2025-12-22T10:04:39","guid":{"rendered":"https:\/\/www.virtualusatic.org\/?page_id=6991"},"modified":"2025-12-22T10:09:11","modified_gmt":"2025-12-22T10:09:11","slug":"webconferencias-2025","status":"publish","type":"page","link":"https:\/\/www.virtualusatic.org\/?page_id=6991","title":{"rendered":"Webconferencias 2025"},"content":{"rendered":"<p><strong><a href=\"https:\/\/webinars.eules.org\/jorge-gomez-sanz-presentacion-2025\/\" target=\"_blank\" rel=\"noopener noreferrer\">El reto del soporte Tecnol\u00f3gico en la educaci\u00f3n, el caso del campus virtual de la UCM<\/a> (24 de junio de 2025)<\/strong><br \/>\npor<strong> Jorge Jes\u00fas G\u00f3mez Sanz<\/strong>, Vicerrector de Tecnolog\u00eda y Sostenibilidad en la Universidad Complutense de Madrid, Espa\u00f1a.<\/p>\n<p><strong><a href=\"https:\/\/webinars.eules.org\/ines-escario-jover-presentacion-2025\/\" target=\"_blank\" rel=\"noopener noreferrer\">El marco DigComp como gu\u00eda para la integraci\u00f3n de la inteligencia artificial en el sistema educativo<\/a> (25 de junio de 2025)<\/strong><br \/>\npor <strong>In\u00e9s Escario Jover<\/strong>, Subdirectora del Centro de Innovaci\u00f3n, Formaci\u00f3n e Investigaci\u00f3n en Ciencias de la Educaci\u00f3n (CIFICE) de la Universidad de Zaragoza, Espa\u00f1a.<\/p>\n<p><strong><a href=\"https:\/\/webinars.eules.org\/luisa-reyes-recio-presentacion-2025\/\" target=\"_blank\" rel=\"noopener noreferrer\">Transformaci\u00f3n Educativa con Inteligencia Artificial: Herramientas y Estrategias para Docentes<\/a> (26 de junio de 2025)<\/strong><br \/>\npor <strong>Luisa Eugenia Reyes Recio<\/strong>, Directora Acad\u00e9mica de Inteligencia Artificial y Optimizaci\u00f3n de procesos de la Universidad Rey Juan Carlos, Espa\u00f1a<\/p>\n","protected":false},"excerpt":{"rendered":"<p>El reto del soporte Tecnol\u00f3gico en la educaci\u00f3n, el caso del campus virtual de la UCM (24 de junio de 2025) por Jorge Jes\u00fas G\u00f3mez Sanz, Vicerrector de Tecnolog\u00eda y Sostenibilidad en la Universidad Complutense de Madrid, Espa\u00f1a. El marco DigComp como gu\u00eda para la integraci\u00f3n de la inteligencia artificial en el sistema educativo (25 &hellip; <\/p>\n<p class=\"link-more\"><a href=\"https:\/\/www.virtualusatic.org\/?page_id=6991\" class=\"more-link\">Continuar leyendo<span class=\"screen-reader-text\"> \u00abWebconferencias 2025\u00bb<\/span><\/a><\/p>\n","protected":false},"author":3,"featured_media":0,"parent":0,"menu_order":0,"comment_status":"closed","ping_status":"closed","template":"","meta":{"footnotes":""},"_links":{"self":[{"href":"https:\/\/www.virtualusatic.org\/index.php?rest_route=\/wp\/v2\/pages\/6991"}],"collection":[{"href":"https:\/\/www.virtualusatic.org\/index.php?rest_route=\/wp\/v2\/pages"}],"about":[{"href":"https:\/\/www.virtualusatic.org\/index.php?rest_route=\/wp\/v2\/types\/page"}],"author":[{"embeddable":true,"href":"https:\/\/www.virtualusatic.org\/index.php?rest_route=\/wp\/v2\/users\/3"}],"replies":[{"embeddable":true,"href":"https:\/\/www.virtualusatic.org\/index.php?rest_route=%2Fwp%2Fv2%2Fcomments&post=6991"}],"version-history":[{"count":3,"href":"https:\/\/www.virtualusatic.org\/index.php?rest_route=\/wp\/v2\/pages\/6991\/revisions"}],"predecessor-version":[{"id":6995,"href":"https:\/\/www.virtualusatic.org\/index.php?rest_route=\/wp\/v2\/pages\/6991\/revisions\/6995"}],"wp:attachment":[{"href":"https:\/\/www.virtualusatic.org\/index.php?rest_route=%2Fwp%2Fv2%2Fmedia&parent=6991"}],"curies":[{"name":"wp","href":"https:\/\/api.w.org\/{rel}","templated":true}]}}

<p><strong><a href="https://webinars.eules.org/jorge-gomez-sanz-presentacion-2025/" target="_blank" rel="noopener noreferrer">El reto del soporte Tecnológico en la educación, el caso del campus virtual de la UCM</a> (24 de junio de 2025)</strong><br />
por<strong> Jorge Jesús Gómez Sanz</strong>, Vicerrector de Tecnología y Sostenibilidad en la Universidad Complutense de Madrid, España.</p>
<p><strong><a href="https://webinars.eules.org/ines-escario-jover-presentacion-2025/" target="_blank" rel="noopener noreferrer">El marco DigComp como guía para la integración de la inteligencia artificial en el sistema educativo</a> (25 de junio de 2025)</strong><br />
por <strong>Inés Escario Jover</strong>, Subdirectora del Centro de Innovación, Formación e Investigación en Ciencias de la Educación (CIFICE) de la Universidad de Zaragoza, España.</p>
<p><strong><a href="https://webinars.eules.org/luisa-reyes-recio-presentacion-2025/" target="_blank" rel="noopener noreferrer">Transformación Educativa con Inteligencia Artificial: Herramientas y Estrategias para Docentes</a> (26 de junio de 2025)</strong><br />
por <strong>Luisa Eugenia Reyes Recio</strong>, Directora Académica de Inteligencia Artificial y Optimización de procesos de la Universidad Rey Juan Carlos, España</p>

<p>El reto del soporte Tecnológico en la educación, el caso del campus virtual de la UCM (24 de junio de 2025) por Jorge Jesús Gómez Sanz, Vicerrector de Tecnología y Sostenibilidad en la Universidad Complutense de Madrid, España. El marco DigComp como guía para la integración de la inteligencia artificial en el sistema educativo (25 &hellip; </p>
<p class="link-more"><a href="https://www.virtualusatic.org/?page_id=6991" class="more-link">Continuar leyendo<span class="screen-reader-text"> «Webconferencias 2025»</span></a></p>
